{"id":14,"date":"2015-10-31T15:10:11","date_gmt":"2015-10-31T14:10:11","guid":{"rendered":"http:\/\/www.kommunikationsmarktplatz.de\/?page_id=14"},"modified":"2026-02-04T20:12:08","modified_gmt":"2026-02-04T19:12:08","slug":"datenschutz","status":"publish","type":"page","link":"https:\/\/olaf-rothe.de\/cms_wp\/datenschutz\/","title":{"rendered":"Datenschutz"},"content":{"rendered":"<p>Wir freuen uns \u00fcber Ihren Besuch auf unserer Internetseite und Ihrem Interesse an unserer Arbeit.<\/p>\n<p style=\"text-align: justify;\">Datenschutz und Datensicherheit haben in unserem Unternehmen einen sehr hohen Stellenwert. Deshalb ist uns der Schutz Ihrer personenbezogenen Daten w\u00e4hrend des gesamten Gesch\u00e4ftsprozesses sehr wichtig und ein besonderes Anliegen.<br \/>\nDie folgende Erkl\u00e4rung zum Datenschutz zeigt auf, welche Informationen w\u00e4hrend Ihres Besuches unserer Internetseite erfasst werden und wie diese Informationen verwendet werden.<\/p>\n<p style=\"text-align: justify;\">1. Allgemeine Hinweise zum Datenschutz<br \/>\nWir verpflichten uns zur Geheimhaltung personenbezogener Nutzerdaten unserer Internetseite und unserer Dienstleistungsangebote und verpflichten uns, die gesetzlichen Vorschriften zum Datenschutz vollumf\u00e4nglich zu ber\u00fccksichtigen. Zudem haben wir umfassende organisatorische und technische Ma\u00dfnahmen getroffen um sicherzustellen, dass die datenschutzrechtlichen Vorschriften beachtet werden.<br \/>\nPersonenbezogene Daten sind alle Informationen \u00fcber bestimmte oder bestimmbare nat\u00fcrliche Personen. Als bestimmbar wird eine Person angesehen, die direkt oder indirekt identifiziert werden kann. Unter personenbezogene Daten fallen alle Daten, die unmittelbar oder mittelbar zur Identifizierung einer nat\u00fcrlichen Person genutzt werden k\u00f6nnen.<br \/>\nDem gesetzlichen Datenvermeidungsgebot entsprechend richten wir unsere Arbeit, unsere Internetseite und unser Dienstleistungsangebot an dem Ziel aus, keine oder so wenig wie m\u00f6glich personenbezogene Daten zu erheben, zu verarbeiten oder zu nutzen.<br \/>\nDiese Datenschutzerkl\u00e4rung bezieht sich nicht auf die verlinkten Internetseiten und etwaige Werbung Dritter, sondern lediglich auf unsere Internetseite. Bitte nehmen Sie gegebenenfalls mit den jeweiligen Organisationen oder Unternehmen Kontakt auf, um deren Datenschutzbestimmungen zu erfahren, wobei wir keinen Einfluss darauf haben, dass die jeweiligen Betreiber der verlinkten Internetseiten die Datenschutzbestimmungen einhalten.<\/p>\n<p style=\"text-align: justify;\">2. Erhebung, Speicherung und Auswertung von personenbezogenen Daten<br \/>\nDie Nutzung unserer Internetseite ist grunds\u00e4tzlich ohne Offenlegung Ihrer Identit\u00e4t m\u00f6glich. Die Erhebung von personenbezogenen Daten erfolgt nur, soweit Sie uns diese Daten freiwillig mitgeteilt haben und ausdr\u00fccklich in die Erhebung, Speicherung und Auswertung dieser Daten eingewilligt haben.<br \/>\nDie Datenerhebung ist dabei auf die zur Bearbeitung Ihres Anliegens und zur Abwicklung des jeweiligen Vertrags- oder Bewerbungsverh\u00e4ltnisses erforderlichen Daten beschr\u00e4nkt.<br \/>\nIhre Daten werden auf besonders gesch\u00fctzten Servern in Deutschland gespeichert. Ihre personenbezogenen Daten werden weder f\u00fcr eigene Marketingzwecke genutzt, noch mit anderen Datenquellen verkn\u00fcpft, es sei denn Sie haben hierzu ausdr\u00fccklich Ihre Einwilligung erteilt.<\/p>\n<p style=\"text-align: justify;\">3. Weitergabe an Dritte<br \/>\nIhre personenbezogenen Daten werden ausschlie\u00dflich von uns genutzt.<br \/>\nWir versichern, dass wir Ihre personenbezogenen Daten nicht an Dritte weitergeben.<\/p>\n<p style=\"text-align: justify;\">4. Auskunfts-, Berichtigungs-, L\u00f6schungs- und Widerrufsrecht<br \/>\nSofern Sie uns personenbezogene Daten \u00fcberlassen haben, steht Ihnen gem\u00e4\u00df \u00a7\u00a034\u00a0BDSG, \u00a7\u00a013 Abs.\u00a07\u00a0TMG ein Auskunftsrecht hinsichtlich der \u00fcber Sie gespeicherten personenbezogenen Daten und gem\u00e4\u00df \u00a7\u00a035 BDSG ein Recht auf Berichtigung unrichtiger Daten sowie L\u00f6schung Ihrer Daten zu, wobei Sie eine gegebenenfalls erteilte Einwilligung in die Speicherung Ihrer Daten un<span style=\"letter-spacing: 0.1250em;\">d\/<\/span>oder in die Weitergabe Ihrer Daten an Dritte jederzeit widerrufen k\u00f6nnen. Hiervon unber\u00fchrt bleiben jedoch Daten, die im Rahmen einer Aufbewahrungspflicht gespeichert werden.<\/p>\n<p>Der Widerruf ist zu richten a<span style=\"letter-spacing: 0.1250em;\">n:<\/span><br \/>\nDigital- und Printmedienservice \u00b7 <span style=\"letter-spacing: 0.0500em;\">DPMS<\/span><br \/>\nOlaf Rothe<br \/>\nSteigerstra\u00dfe 14<br \/>\n49134 Wallenhorst<\/p>\n<p>oder an folgende E-Mail-Adress<span style=\"letter-spacing: 0.1250em;\">e:<\/span><br \/>\n<a href=\"mailto:datenschutz@olaf-rothe.de\">datenschut<span style=\"letter-spacing: 0.1250em;\">z@<\/span>olaf-rothe.de<\/a><\/p>\n<p style=\"text-align: justify;\">5. Speicherung und Auswertung von Log-Dateien<br \/>\nIm Rahmen jedes Seitenaufrufs innerhalb unserer Internetseite werden Zugriffsdate<span style=\"letter-spacing: 0.1250em;\">n\/<\/span>Logfiles wie Zugriffszei<span style=\"letter-spacing: 0.1250em;\">t-\/<\/span>datum, der Browsertyp oder die IP-Adresse in einer Protokolldatei gespeichert. Ohne Ihre ausdr\u00fcckliche Einwilligung erfolgt zu Sicherungszwecken die Speicherung in anonymisierter Form, also ohne Zuordnung oder Hinweise auf Ihre Person, insbesondere in Bezug auf die Daten- und Betriebssicherheit des Systems, zur Fehlererkennung sowie f\u00fcr statistische Auswertungen.<br \/>\nVorbehaltlich etwaiger gesetzlicher Aufbewahrungspflichten un<span style=\"letter-spacing: 0.1250em;\">d\/<\/span>oder einer erteilten Einwilligung Ihrerseits wird auch Ihre IP-Adresse nach Beendigung der Nutzung gel\u00f6scht oder anonymisiert. Eine personenbezogene Verwertung erfolgt daher nicht, das hei\u00dft eine Verkn\u00fcpfung der Log-Dateien mit einzelnen Personen wird ebenso wenig vorgenommen, wie zum Beispiel eine Auswertung zum Zwecke der Zusendung personalisierter Werbung. Wir behalten uns \u2014\u00a0soweit gesetzlich zul\u00e4ssig\u00a0\u2014 zudem das Recht vor, im Falle des Verdachts einer gesetzes- oder vertragswidrigen Nutzung unserer Internetseiten nebst jeweiliger Unterseiten die Log-Dateien nachtr\u00e4glich \u00fcber die letzte bekannte IP-Adresse zu \u00fcberpr\u00fcfen.<\/p>\n<p style=\"text-align: justify;\">6. Kontaktaufnahme<br \/>\nIm Rahmen der Kontaktaufnahme mit uns <span style=\"letter-spacing: 0.1250em;\">(<\/span>z<span style=\"letter-spacing: 0.1250em;\">.<\/span><span style=\"letter-spacing: 0.1250em;\">B<\/span>. \u00fcber das Kontaktformular auf dieser Internetseite oder per E-Mai<span style=\"letter-spacing: 0.1250em;\">l)<\/span> werden personenbezogene Daten erhoben. Welche Daten erhoben werden, ist aus unserem Kontaktformular ersichtlich. Diese Daten werden ausschlie\u00dflich zum Zweck der Beantwortung Ihres Anliegens bzw. f\u00fcr die Kontaktaufnahme und der damit verbundenen technischen Administration gespeichert und verwendet. Rechtsgrundlage f\u00fcr die Verarbeitung der Daten ist unser berechtigtes Interesse an der Beantwortung Ihres Anliegens gem\u00e4\u00df Art.\u00a06 Abs.\u202f1 lit.\u202ff <span style=\"letter-spacing: 0.0500em;\">DSGVO<\/span>. Zielt Ihre Kontaktierung auf den Abschluss eines Vertrages ab, so ist zus\u00e4tzliche Rechtsgrundlage f\u00fcr die Verarbeitung Art.\u00a06 Abs.\u202f1 lit.\u202fb <span style=\"letter-spacing: 0.0500em;\">DSGVO<\/span>. Ihre Daten werden nach abschlie\u00dfender Bearbeitung Ihrer Anfrage gel\u00f6scht, dies ist der Fall, wenn sich aus den Umst\u00e4nden entnehmen l\u00e4sst, dass der betroffene Sachverhalt abschlie\u00dfend gekl\u00e4rt ist und sofern keine gesetzlichen Aufbewahrungspflichten entgegenstehen.<\/p>\n<p style=\"text-align: justify;\">7. Aktualisierung der Datenschutzerkl\u00e4rung<br \/>\nSoweit wir neue Dienstleistungen einf\u00fchren, Internetverfahren \u00e4ndern oder wenn sich die Internet- und EDV-Sicherheitstechnik weiterentwickelt, ist es unsere Pflicht diese Datenschutzerkl\u00e4rung zu aktualisieren. Wir behalten uns deshalb das Recht vor, die Erkl\u00e4rung nach Bedarf zu \u00e4ndern oder zu erg\u00e4nzen. Die \u00c4nderung werden wir an dieser Stelle ver\u00f6ffentlichen. Daher sollten Sie diese Internetseiten regelm\u00e4\u00dfig aufrufen, um sich \u00fcber den aktuellen Stand der Datenschutzerkl\u00e4rung zu informieren.<\/p>\n<p style=\"text-align: justify;\">8. Links<br \/>\nWir verweisen gelegentlich auf Internetseiten Dritter. Obwohl wir diese sorgf\u00e4ltig aussuchen, k\u00f6nnen wir keine Gew\u00e4hr und Haftung f\u00fcr die Richtigkeit beziehungsweise Vollst\u00e4ndigkeit der Inhalte und die Datensicherheit von Internetseiten Dritter \u00fcbernehmen. Auch gilt diese Datenschutzerkl\u00e4rung nicht f\u00fcr verlinkte Internetseiten Dritter.<br \/>\nAlle auf dieser Internetseite enthaltenen Informationen wurden sorgf\u00e4ltig \u00fcberpr\u00fcft. Wir \u00fcbernehmen jedoch keine Gew\u00e4hr daf\u00fcr, dass die Inhalte unserer eigenen Internetseite jederzeit korrekt, vollst\u00e4ndig und auf dem neuesten Stand sind.<\/p>\n<p>9. Verantwortliche Stelle im Sinne des Datenschutzrechtes<br \/>\nDigital- und Printmedienservice \u00b7 <span style=\"letter-spacing: 0.0500em;\">DPMS<\/span><br \/>\nOlaf Rothe<br \/>\nSteigerstra\u00dfe 14<br \/>\n49134 Wallenhorst<\/p>\n<p>Telefon +49 172 2687611<br \/>\n<a href=\"mailto:datenschutz@olaf-rothe.de\">datenschut<span style=\"letter-spacing: 0.1250em;\">z@<\/span>olaf-rothe.de<\/a><\/p>\n","protected":false},"excerpt":{"rendered":"<p>Wir freuen uns \u00fcber Ihren Besuch auf unserer Internetseite und Ihrem Interesse an unserer Arbeit. Datenschutz und Datensicherheit haben in unserem Unternehmen einen sehr hohen Stellenwert. Deshalb ist uns der Schutz Ihrer personenbezogenen Daten w\u00e4hrend des gesamten Gesch\u00e4ftsprozesses sehr wichtig und ein besonderes Anliegen. Die folgende Erkl\u00e4rung zum Datenschutz zeigt auf, welche Informationen w\u00e4hrend Ihres &hellip; <a href=\"https:\/\/olaf-rothe.de\/cms_wp\/datenschutz\/\" class=\"more-link\"><span class=\"screen-reader-text\">Datenschutz<\/span> weiterlesen<\/a><\/p>\n","protected":false},"author":1,"featured_media":0,"parent":0,"menu_order":0,"comment_status":"closed","ping_status":"closed","template":"","meta":{"footnotes":""},"class_list":["post-14","page","type-page","status-publish","hentry"],"_links":{"self":[{"href":"https:\/\/olaf-rothe.de\/cms_wp\/wp-json\/wp\/v2\/pages\/14","targetHints":{"allow":["GET"]}}],"collection":[{"href":"https:\/\/olaf-rothe.de\/cms_wp\/wp-json\/wp\/v2\/pages"}],"about":[{"href":"https:\/\/olaf-rothe.de\/cms_wp\/wp-json\/wp\/v2\/types\/page"}],"author":[{"embeddable":true,"href":"https:\/\/olaf-rothe.de\/cms_wp\/wp-json\/wp\/v2\/users\/1"}],"replies":[{"embeddable":true,"href":"https:\/\/olaf-rothe.de\/cms_wp\/wp-json\/wp\/v2\/comments?post=14"}],"version-history":[{"count":1,"href":"https:\/\/olaf-rothe.de\/cms_wp\/wp-json\/wp\/v2\/pages\/14\/revisions"}],"predecessor-version":[{"id":543,"href":"https:\/\/olaf-rothe.de\/cms_wp\/wp-json\/wp\/v2\/pages\/14\/revisions\/543"}],"wp:attachment":[{"href":"https:\/\/olaf-rothe.de\/cms_wp\/wp-json\/wp\/v2\/media?parent=14"}],"curies":[{"name":"wp","href":"https:\/\/api.w.org\/{rel}","templated":true}]}}

<p>Wir freuen uns über Ihren Besuch auf unserer Internetseite und Ihrem Interesse an unserer Arbeit.</p>
<p style="text-align: justify;">Datenschutz und Datensicherheit haben in unserem Unternehmen einen sehr hohen Stellenwert. Deshalb ist uns der Schutz Ihrer personenbezogenen Daten während des gesamten Geschäftsprozesses sehr wichtig und ein besonderes Anliegen.<br />
Die folgende Erklärung zum Datenschutz zeigt auf, welche Informationen während Ihres Besuches unserer Internetseite erfasst werden und wie diese Informationen verwendet werden.</p>
<p style="text-align: justify;">1. Allgemeine Hinweise zum Datenschutz<br />
Wir verpflichten uns zur Geheimhaltung personenbezogener Nutzerdaten unserer Internetseite und unserer Dienstleistungsangebote und verpflichten uns, die gesetzlichen Vorschriften zum Datenschutz vollumfänglich zu berücksichtigen. Zudem haben wir umfassende organisatorische und technische Maßnahmen getroffen um sicherzustellen, dass die datenschutzrechtlichen Vorschriften beachtet werden.<br />
Personenbezogene Daten sind alle Informationen über bestimmte oder bestimmbare natürliche Personen. Als bestimmbar wird eine Person angesehen, die direkt oder indirekt identifiziert werden kann. Unter personenbezogene Daten fallen alle Daten, die unmittelbar oder mittelbar zur Identifizierung einer natürlichen Person genutzt werden können.<br />
Dem gesetzlichen Datenvermeidungsgebot entsprechend richten wir unsere Arbeit, unsere Internetseite und unser Dienstleistungsangebot an dem Ziel aus, keine oder so wenig wie möglich personenbezogene Daten zu erheben, zu verarbeiten oder zu nutzen.<br />
Diese Datenschutzerklärung bezieht sich nicht auf die verlinkten Internetseiten und etwaige Werbung Dritter, sondern lediglich auf unsere Internetseite. Bitte nehmen Sie gegebenenfalls mit den jeweiligen Organisationen oder Unternehmen Kontakt auf, um deren Datenschutzbestimmungen zu erfahren, wobei wir keinen Einfluss darauf haben, dass die jeweiligen Betreiber der verlinkten Internetseiten die Datenschutzbestimmungen einhalten.</p>
<p style="text-align: justify;">2. Erhebung, Speicherung und Auswertung von personenbezogenen Daten<br />
Die Nutzung unserer Internetseite ist grundsätzlich ohne Offenlegung Ihrer Identität möglich. Die Erhebung von personenbezogenen Daten erfolgt nur, soweit Sie uns diese Daten freiwillig mitgeteilt haben und ausdrücklich in die Erhebung, Speicherung und Auswertung dieser Daten eingewilligt haben.<br />
Die Datenerhebung ist dabei auf die zur Bearbeitung Ihres Anliegens und zur Abwicklung des jeweiligen Vertrags- oder Bewerbungsverhältnisses erforderlichen Daten beschränkt.<br />
Ihre Daten werden auf besonders geschützten Servern in Deutschland gespeichert. Ihre personenbezogenen Daten werden weder für eigene Marketingzwecke genutzt, noch mit anderen Datenquellen verknüpft, es sei denn Sie haben hierzu ausdrücklich Ihre Einwilligung erteilt.</p>
<p style="text-align: justify;">3. Weitergabe an Dritte<br />
Ihre personenbezogenen Daten werden ausschließlich von uns genutzt.<br />
Wir versichern, dass wir Ihre personenbezogenen Daten nicht an Dritte weitergeben.</p>
<p style="text-align: justify;">4. Auskunfts-, Berichtigungs-, Löschungs- und Widerrufsrecht<br />
Sofern Sie uns personenbezogene Daten überlassen haben, steht Ihnen gemäß § 34 BDSG, § 13 Abs. 7 TMG ein Auskunftsrecht hinsichtlich der über Sie gespeicherten personenbezogenen Daten und gemäß § 35 BDSG ein Recht auf Berichtigung unrichtiger Daten sowie Löschung Ihrer Daten zu, wobei Sie eine gegebenenfalls erteilte Einwilligung in die Speicherung Ihrer Daten un<span style="letter-spacing: 0.1250em;">d/</span>oder in die Weitergabe Ihrer Daten an Dritte jederzeit widerrufen können. Hiervon unberührt bleiben jedoch Daten, die im Rahmen einer Aufbewahrungspflicht gespeichert werden.</p>
<p>Der Widerruf ist zu richten a<span style="letter-spacing: 0.1250em;">n:</span><br />
Digital- und Printmedienservice · <span style="letter-spacing: 0.0500em;">DPMS</span><br />
Olaf Rothe<br />
Steigerstraße 14<br />
49134 Wallenhorst</p>
<p>oder an folgende E-Mail-Adress<span style="letter-spacing: 0.1250em;">e:</span><br />
<a href="mailto:datenschutz@olaf-rothe.de">datenschut<span style="letter-spacing: 0.1250em;">z@</span>olaf-rothe.de</a></p>
<p style="text-align: justify;">5. Speicherung und Auswertung von Log-Dateien<br />
Im Rahmen jedes Seitenaufrufs innerhalb unserer Internetseite werden Zugriffsdate<span style="letter-spacing: 0.1250em;">n/</span>Logfiles wie Zugriffszei<span style="letter-spacing: 0.1250em;">t-/</span>datum, der Browsertyp oder die IP-Adresse in einer Protokolldatei gespeichert. Ohne Ihre ausdrückliche Einwilligung erfolgt zu Sicherungszwecken die Speicherung in anonymisierter Form, also ohne Zuordnung oder Hinweise auf Ihre Person, insbesondere in Bezug auf die Daten- und Betriebssicherheit des Systems, zur Fehlererkennung sowie für statistische Auswertungen.<br />
Vorbehaltlich etwaiger gesetzlicher Aufbewahrungspflichten un<span style="letter-spacing: 0.1250em;">d/</span>oder einer erteilten Einwilligung Ihrerseits wird auch Ihre IP-Adresse nach Beendigung der Nutzung gelöscht oder anonymisiert. Eine personenbezogene Verwertung erfolgt daher nicht, das heißt eine Verknüpfung der Log-Dateien mit einzelnen Personen wird ebenso wenig vorgenommen, wie zum Beispiel eine Auswertung zum Zwecke der Zusendung personalisierter Werbung. Wir behalten uns — soweit gesetzlich zulässig — zudem das Recht vor, im Falle des Verdachts einer gesetzes- oder vertragswidrigen Nutzung unserer Internetseiten nebst jeweiliger Unterseiten die Log-Dateien nachträglich über die letzte bekannte IP-Adresse zu überprüfen.</p>
<p style="text-align: justify;">6. Kontaktaufnahme<br />
Im Rahmen der Kontaktaufnahme mit uns <span style="letter-spacing: 0.1250em;">(</span>z<span style="letter-spacing: 0.1250em;">.</span><span style="letter-spacing: 0.1250em;">B</span>. über das Kontaktformular auf dieser Internetseite oder per E-Mai<span style="letter-spacing: 0.1250em;">l)</span> werden personenbezogene Daten erhoben. Welche Daten erhoben werden, ist aus unserem Kontaktformular ersichtlich. Diese Daten werden ausschließlich zum Zweck der Beantwortung Ihres Anliegens bzw. für die Kontaktaufnahme und der damit verbundenen technischen Administration gespeichert und verwendet. Rechtsgrundlage für die Verarbeitung der Daten ist unser berechtigtes Interesse an der Beantwortung Ihres Anliegens gemäß Art. 6 Abs. 1 lit. f <span style="letter-spacing: 0.0500em;">DSGVO</span>. Zielt Ihre Kontaktierung auf den Abschluss eines Vertrages ab, so ist zusätzliche Rechtsgrundlage für die Verarbeitung Art. 6 Abs. 1 lit. b <span style="letter-spacing: 0.0500em;">DSGVO</span>. Ihre Daten werden nach abschließender Bearbeitung Ihrer Anfrage gelöscht, dies ist der Fall, wenn sich aus den Umständen entnehmen lässt, dass der betroffene Sachverhalt abschließend geklärt ist und sofern keine gesetzlichen Aufbewahrungspflichten entgegenstehen.</p>
<p style="text-align: justify;">7. Aktualisierung der Datenschutzerklärung<br />
Soweit wir neue Dienstleistungen einführen, Internetverfahren ändern oder wenn sich die Internet- und EDV-Sicherheitstechnik weiterentwickelt, ist es unsere Pflicht diese Datenschutzerklärung zu aktualisieren. Wir behalten uns deshalb das Recht vor, die Erklärung nach Bedarf zu ändern oder zu ergänzen. Die Änderung werden wir an dieser Stelle veröffentlichen. Daher sollten Sie diese Internetseiten regelmäßig aufrufen, um sich über den aktuellen Stand der Datenschutzerklärung zu informieren.</p>
<p style="text-align: justify;">8. Links<br />
Wir verweisen gelegentlich auf Internetseiten Dritter. Obwohl wir diese sorgfältig aussuchen, können wir keine Gewähr und Haftung für die Richtigkeit beziehungsweise Vollständigkeit der Inhalte und die Datensicherheit von Internetseiten Dritter übernehmen. Auch gilt diese Datenschutzerklärung nicht für verlinkte Internetseiten Dritter.<br />
Alle auf dieser Internetseite enthaltenen Informationen wurden sorgfältig überprüft. Wir übernehmen jedoch keine Gewähr dafür, dass die Inhalte unserer eigenen Internetseite jederzeit korrekt, vollständig und auf dem neuesten Stand sind.</p>
<p>9. Verantwortliche Stelle im Sinne des Datenschutzrechtes<br />
Digital- und Printmedienservice · <span style="letter-spacing: 0.0500em;">DPMS</span><br />
Olaf Rothe<br />
Steigerstraße 14<br />
49134 Wallenhorst</p>
<p>Telefon +49 172 2687611<br />
<a href="mailto:datenschutz@olaf-rothe.de">datenschut<span style="letter-spacing: 0.1250em;">z@</span>olaf-rothe.de</a></p>

<p>Wir freuen uns über Ihren Besuch auf unserer Internetseite und Ihrem Interesse an unserer Arbeit. Datenschutz und Datensicherheit haben in unserem Unternehmen einen sehr hohen Stellenwert. Deshalb ist uns der Schutz Ihrer personenbezogenen Daten während des gesamten Geschäftsprozesses sehr wichtig und ein besonderes Anliegen. Die folgende Erklärung zum Datenschutz zeigt auf, welche Informationen während Ihres &hellip; <a href="https://olaf-rothe.de/cms_wp/datenschutz/" class="more-link"><span class="screen-reader-text">Datenschutz</span> weiterlesen</a></p>
